 103 divide 9785?
True
Is 22 a factor of 6842?
True
Does 21 divide 3297?
True
Does 20 divide 2520?
True
Is 29654 a multiple of 43?
False
Does 14 divide 4928?
True
Is 202 a factor of 104232?
True
Does 6 divide 5214?
True
Is 44 a factor of 8868?
False
Does 20 divide 3820?
True
Does 23 divide 5428?
True
Is 63 a factor of 6741?
True
Does 34 divide 6086?
True
Is 6 a factor of 2136?
True
Is 1420 a multiple of 16?
False
Is 46733 a multiple of 17?
True
Is 16 a factor of 11056?
True
Is 80 a factor of 958?
False
Is 10 a factor of 60?
True
Is 44 a factor of 40612?
True
Is 72 a multiple of 9?
True
Is 81 a factor of 1276?
False
Is 6018 a multiple of 59?
True
Does 12 divide 84?
True
Is 13 a factor of 4680?
True
Is 25 a factor of 829?
False
Is 9100 a multiple of 26?
True
Is 27 a factor of 270?
True
Does 24 divide 206?
False
Is 40250 a multiple of 125?
True
Does 12 divide 14299?
False
Is 12 a factor of 6058?
False
Is 6308 a multiple of 332?
True
Does 55 divide 1574?
False
Does 8 divide 2874?
False
Is 6792 a multiple of 64?
False
Is 1142 a multiple of 40?
False
Is 12 a factor of 1284?
True
Is 6 a factor of 1728?
True
Is 3 a factor of 10235?
False
Does 19 divide 589?
True
Does 89 divide 8564?
False
Is 16 a factor of 12640?
True
Does 51 divide 328?
False
Does 10 divide 280?
True
Is 13 a factor of 34325?
False
Is 10379 a multiple of 38?
False
Is 45 a factor of 2556?
False
Does 39 divide 24804?
True
Is 424 a multiple of 75?
False
Does 5 divide 80?
True
Is 41607 a multiple of 23?
True
Is 67 a factor of 33098?
True
Is 8 a factor of 712?
True
Does 118 divide 16166?
True
Does 2 divide 2771?
False
Does 3 divide 1042?
False
Is 18091 a multiple of 51?
False
Is 30545 a multiple of 205?
True
Is 1530 a multiple of 102?
True
Is 50 a factor of 4350?
True
Does 7 divide 530?
False
Is 5730 a multiple of 160?
False
Is 2040 a multiple of 68?
True
Does 75 divide 75?
True
Is 26 a factor of 29445?
False
Is 663 a multiple of 13?
True
Is 30 a factor of 87162?
False
Does 18 divide 5307?
False
Does 25 divide 2062?
False
Is 12 a factor of 2359?
False
Is 587 a multiple of 108?
False
Is 486 a multiple of 105?
False
Does 28 divide 1764?
True
Is 29458 a multiple of 316?
False
Does 37 divide 1850?
True
Is 9 a factor of 477?
True
Does 37 divide 513?
False
Is 16 a factor of 2192?
True
Is 46 even?
True
Does 38 divide 608?
True
Is 5037 a multiple of 5?
False
Is 53 a factor of 1098?
False
Does 46 divide 76270?
False
Is 1320 a multiple of 30?
True
Does 65 divide 7865?
True
Is 14 a factor of 2453?
False
Does 9 divide 21477?
False
Is 1144 a multiple of 20?
False
Is 10179 a multiple of 133?
False
Does 20 divide 3160?
True
Does 19 divide 14470?
False
Is 594 a multiple of 17?
False
Is 32 a factor of 1824?
True
Does 6 divide 12762?
True
Does 9 divide 1844?
False
Is 26 a factor of 4047?
False
Is 3631 a multiple of 5?
False
Does 39 divide 142?
False
Does 57 divide 2223?
True
Is 438 a multiple of 47?
False
Does 8 divide 17073?
False
Is 48 a factor of 2053?
False
Does 19 divide 484?
False
Does 13 divide 2807?
False
Is 1272 a multiple of 7?
False
Does 19 divide 418?
True
Is 871 a multiple of 13?
True
Does 54 divide 432?
True
Is 20 a factor of 4740?
True
Does 70 divide 10010?
True
Is 13288 a multiple of 11?
True
Is 48 a factor of 2756?
False
Is 25 a factor of 1187?
False
Does 89 divide 129?
False
Does 37 divide 6290?
True
Is 15 a factor of 180015?
True
Is 1475 a multiple of 25?
True
Does 42 divide 462?
True
Is 40 a factor of 5748?
False
Does 15 divide 875?
False
Does 116 divide 15485?
False
Does 12 divide 444?
True
Does 64 divide 1344?
True
Does 2 divide 265?
False
Does 25 divide 1200?
True
Is 28 a factor of 628?
False
Is 192 a multiple of 8?
True
Is 5847 a multiple of 106?
False
Is 1890 a multiple of 71?
False
Is 2522 a multiple of 3?
False
Is 63 a factor of 14112?
True
Is 1563 a multiple of 13?
False
Is 2922 even?
True
Is 96 a factor of 2112?
True
Is 46 a factor of 75?
False
Does 39 divide 1014?
True
Is 2817 a multiple of 72?
False
Is 1694 a multiple of 84?
False
Is 2379 a multiple of 61?
True
Does 16 divide 491?
False
Is 17 a factor of 6154?
True
Is 27202 a multiple of 118?
False
Is 4455 a multiple of 43?
False
Does 10 divide 24486?
False
Does 12 divide 3009?
False
Is 1734 a multiple of 34?
True
Is 800 a multiple of 40?
True
Is 7 a factor of 308?
True
Does 107 divide 67056?
False
Does 72 divide 604?
False
Is 2654 a multiple of 51?
False
Is 22750 a multiple of 26?
True
Is 2905 a multiple of 83?
True
Does 29 divide 14471?
True
Is 11 a factor of 3564?
True
Is 2576 a multiple of 96?
False
Does 160 divide 5280?
True
Does 7 divide 192?
False
Is 638 a multiple of 16?
False
Is 3304 even?
True
Does 34 divide 12784?
True
Is 42083 a multiple of 32?
False
Is 3451 a multiple of 29?
True
Is 728 a multiple of 7?
True
Is 32 a factor of 66432?
True
Is 876 a multiple of 73?
True
Is 6406 a multiple of 17?
False
Does 14 divide 745?
False
Is 69 a factor of 7779?
False
Does 5 divide 1149?
False
Is 424 a multiple of 2?
True
Does 4 divide 1701?
False
Is 1977 a multiple of 35?
False
Does 48 divide 1728?
True
Is 78 a factor of 630?
False
Is 181 a factor of 138827?
True
Is 3509 a multiple of 121?
True
Does 14 divide 896?
True
Is 27 a factor of 243?
True
Is 14900 a multiple of 10?
True
Is 232 a multiple of 35?
False
Is 11656 a multiple of 60?
False
Does 48 divide 852?
False
Does 20 divide 85080?
True
Is 1965 a multiple of 10?
False
Is 45 a factor of 324?
False
Does 29 divide 2320?
True
Does 10 divide 40400?
True
Is 25 a factor of 725?
True
Is 3777 a multiple of 19?
False
Does 26 divide 3848?
True
Does 88 divide 1936?
True
Is 19851 a multiple of 22?
False
Is 125 a factor of 13003?
False
Is 3055 a multiple of 47?
True
Does 85 divide 1683?
False
Is 13 a factor of 520?
True
Is 11815 a multiple of 85?
True
Is 580 a multiple of 58?
True
Is 75 a factor of 31800?
True
Does 21 divide 78635?
False
Is 19 a factor of 22611?
False
Does 3 divide 114?
True
Is 30 a factor of 9420?
True
Does 126 divide 4489?
False
Does 35 divide 2240?
True
Does 17 divide 2564?
False
Is 380 a factor of 47591?
False
Is 2985 a multiple of 143?
False
Is 36 a factor of 8879?
False
Is 3 a factor of 156?
True
Does 2 divide 18?
True
Is 15 a factor of 3904?
False
Does 9 divide 1348?
False
Is 6 a factor of 16670?
False
Is 2005 a multiple of 45?
False
Is 311 a multiple of 2?
False
Does 37 divide 30533?
False
Does 97 divide 15439?
False
Is 880 a multiple of 44?
True
Is 10080 a multiple of 112?
True
Is 4944 a multiple of 39?
False
Does 9 divide 1089?
True
Is 41 a factor of 37458?
False
Is 69384 a multiple of 98?
True
Is 380 a factor of 48787?
False
Does 11 divide 1155?
True
Is 170 a multiple of 2?
True
Is 665 a multiple of 7?
True
Is 627 a multiple of 12?
False
Does 16 divide 1663?
False
Is 5064 a multiple of 24?
True
Is 100391 a multiple of 149?
False
Is 17283 a multiple of 61?
False
Is 19767 a multiple of 33?
True
Is 48 a factor of 1289?
False
Does 16 divide 3180?
False
Does 13 divide 2575?
False
Is 26478 a multiple of 12?
False
Is 53 a factor of 10898?
False
Is 75 a multiple of 15?
True
Is 71 a multiple of 5?
False
Is 8 a factor of 838?
False
Is 494 a multiple of 19?
True
Does 13 divide 949?
True
Is 57 a factor of 4389?
True
Does 8 divide 456?
True
Is 12 a factor of 3444?
True
Does 17 divide 51?
True
Does 9 divide 126?
True
Is 2657 a multiple of 49?
False
Does 11 divide 1012?
True
Is 11596 a multiple of 148?
False
Does 21 divide 4940?
False
Is 6 a factor of 2077?
False
Is 5920 a multiple of 32?
True
Does 19 divide 3104?
False
Is 21 a factor of 21676?
False
Is 1078 a multiple of 98?
True
Is 51 a factor of 1937?
False
Is 5 a factor of 1828?
False
Is 107 a factor of 5525?
False
Is 54 a factor of 1458?
True
Is 16145 a multiple of 5?
True
Is 481 a multiple of 13?
True
Is 4 a factor of 72?
True
Is 11 a factor of 1420?
False
Does 11 divide 21461?
True
Is 4800 a multiple of 25?
True
Is 483 a multiple of 21?
True
Is 18683 a multiple of 5?
False
Is 94 a factor of 3309?
False
Is 20 a factor of 360?
True
Is 25003 a multiple of 65?
False
Is 4992 a multiple of 32?
True
Does 13 divide 20363?
False
Is 51 a factor of 859?
False
Is 37368 a multiple of 27?
True
Is 5022 a multiple of 4?
False
Is 4472 a multiple of 18?
False
Is 21 a factor of 37569?
True
Is 11474 a multiple of 86?
False
Does 5 